79)
143
3 + -15 - (111 - 106 - -122)
-139
Calculate -78 - (-30 - (-37 - (-12 + -6))).
-67
Calculate (-362 - -244) + -3 + 49.
-72
What is the value of -1 + 1 + -24 + -2082 + 2059?
-47
Evaluate 2 - ((-3 - -7) + -3) - (17 - (1 - -15)).
0
What is -22 + (-14 - 15) + 20 - (0 + 1)?
-32
Calculate 125 + ((-26 - -20) + 28 - (15 + -1)) + -21.
112
What is -12 - -7 - ((31 - 6 - 16) + -7 + 1)?
-8
Evaluate 80 + (11 - 43 - (18 + -20)).
50
Calculate -5 + -103 + (3 - -1) + (24 - 21).
-101
What is 51 - 27 - 16 - (4 + -8 + 4)?
8
What is 85 + (-29 + 40 - 59)?
37
-12 - (8 - (-3 - (0 - 13))) - (-4 + -66)
60
What is the value of 1 + 1 - ((-3 - -60) + 18 + -18 + 2)?
-57
Calculate 133 + -114 - (-18 + (-1 - -3)).
35
What is the value of -1281 + 1271 + (-1 - -8)?
-3
Evaluate (-108 - (-52 - -27)) + (-11 - ((2 - 2) + -1)).
-93
What is the value of -3 + 13 + -6 - (21 - (27 - -5))?
15
Calculate (15 - (-6 + 3 - -11)) + -70 + (-2 - 0).
-65
Calculate 38 + (34 - (-12 + 79)) + 14.
19
What is the value of -10 + -18 + 75 - (30 - 12)?
29
Calculate -278 - -287 - (-22 - (-2 + -7)).
22
1 + 11 - (109 + -67 + -51)
21
-3 + -2 + -20 + 18 + 56 + (20 - 17)
52
What is -74 - (-61 + -2) - (-1 - -17)?
-27
Calculate -17 + 24 + -45 - -25.
-13
Evaluate (-4 - -8 - -6 - -1) + 9 + -54.
-34
Evaluate 5 - (-6 - 1 - (-180 + (-2 + 26 - -4))).
-140
Calculate -10 + (38 - (-8 - -16)) + (6 - -3).
29
-3 + (2 - 4) - (6 + -12 + -27) - 9
19
Evaluate (87 - -1) + (727 - 732) - (10 - 17).
90
-5 + ((18 - 0) + -1 - (198 - 118))
-68
Calculate (-2 - 16) + 3 + 2 + (1444 - 1438).
-7
Calculate -14 - (0 + -10 + 57 + -1 - -3).
-63
Calculate (68 - (94 - 20) - (36 - 1)) + -3.
-44
(-4 - -10) + -7 - 138 - (12 + -2 + -15)
-134
What is -17 - -8 - (-23 + 4) - (-5 + 51 - 6)?
-30
What is the value of -60 + 30 + -59 + 165?
76
Evaluate -46 + -3 - (575 - 600).
-24
Calculate 0 + 1 + (7 + 2 - (-285 + 301)).
-6
Calculate 11 - -1 - (-5 - -2 - (-14 + 3)).
4
Calculate 10 + -16 + 10 - 7 - (12 + -14) - -14.
13
What is the value of (3 - (-89 - 66)) + -16?
142
-20 - -13 - ((-99 - (7 - 10)) + 3)
86
What is the value of 49 + 1 + 18 + (-76 - -50)?
42
Calculate 7 + -2 + (11 - (-3 - -10)) + -28.
-19
What is -26 - (3 + (0 - -10 - 3 - 11 - 10))?
-15
What is 0 + (6 + 5 - (9 + 13)) - 14?
-25
What is (2 - (3 - 1)) + -6 - (-31 + 22 + 35)?
-32
Evaluate -4 + (146 - 29) + -12 + -13.
88
What is (-22 - -7) + (12 - -2 - (-9 + (-4 - -13)))?
-1
Calculate (18 - (66 + -23 + -3)) + 32.
10
-15 - (8 - 17) - 13 - -17
-2
Calculate 118 - (-54 + 38 - -72).
62
Evaluate (-19 - -6 - -11 - (2 - -4)) + 60.
52
What is the value of -119 + 0 - (1835 - 1914)?
-40
Calculate -1 - (-4 - 1) - 13 - (-120 + (58 - 50)).
103
What is -7 + (-93 - -155) - -51?
106
Evaluate 9 + (-20 - -8) + (0 - -2) + -12 + 0.
-13
(3 + 5 - (-130 - -123)) + -29
-14
What is the value of 6 + 12 + -22 + -6 - (59 - 46)?
-23
What is the value of 27 + (5 - (-22 + 35) - 65)?
-46
What is (-236 - -216) + (2 - 16 - (0 - 2))?
-32
Evaluate ((-11 - -1) + 25 - -4) + 9 + 1.
29
Calculate 2 + 28 + -7 + -19 + 17.
21
What is the value of -38 + 21 + 17 + (-27 - (3 + -4))?
-26
What is the value of -86 + 142 + 0 + -106?
-50
Calculate -73 + (-24 - (-103 + 61)).
-55
What is 14 - (-42 + 152 + -50)?
-46
Evaluate (5 - 2 - -10 - ((6 - 9) + 22)) + 17.
11
-130 + 55 + (-27 - -33)
-69
What is -80 + (-1 - -14) + (-27 - 7) + 37?
-64
Evaluate -4 + -5 - (21 - (80 - 48)).
2
What is the value of 16 + 0 + -1 + 319 + -60 + -264?
10
What is the value of 18 + -56 + 23 + -26?
-41
What is -103 - 4 - -171 - 2?
62
(-90 - -80) + 55 + 2
47
(17 + -14 - -25) + 1 + -9 + 17
37
What is the value of 72 + (44 - (100 + -35))?
51
What is ((41 - 40) + 1 + 4 - -134) + (-9 - 4)?
127
Evaluate (8 - 2) + (-18 - (-64 - -52)).
0
What is the value of (7 - (-54 + 101)) + 6?
-34
What is (-42 - -25) + 3 - (0 + -41 + 1)?
26
What is -3 - 76 - (-854 + 808)?
-33
What is 5424 - 5377 - (4 + -2 + 153)?
-108
What is -9 - (-8 + -2 + (-128 - -163))?
-34
What is the value of 97 + -15 + -74 - (-4 + 1)?
11
What is the value of (-1 - -28) + (148 - 156) + -90?
-71
What is the value of -7 + 9 + 24 + (684 - 673)?
37
What is 2 + -40 - (9 + -33 - -48 - 19)?
-43
Evaluate -6 + -3 + (-81 - -12) - -8 - (3 + -2).
-71
(19 - (42 + 3)) + 67
41
What is the value of -5 + 6 + -5 + (58 - 85)?
-31
Calculate ((4 - -3) + (-33 - -37) - 51) + -9.
-49
Calculate (-1574 - -1631) + (-23 - 2) + -25.
7
Calculate -23 + 3 + (85 - 128) + 134.
71
Calculate -119 + -8 + (-13 - -4 - 9) + 9 - -13.
-123
Evaluate 9 + 0 - (-385 - -385 - (-1 + -65)).
-57
7 - ((12 - 3) + -20 - (-11 + 10))
17
Calculate 28 + 20 + -15 + (10 - (14 + -3)).
32
Evaluate -3 - (22 - -2) - (18 - (13 + 11)).
-21
-27 - -40 - ((1 - -3 - 4) + -33)
46
Evaluate 3 - (13 + 28 + -6).
-32
-92 + (-18 - -1) + -1 + (46 - 36) + 2
-98
What is the value of 18 - 87 - ((-38 - -20) + -8)?
-43
-95 + (41 - -22) + 27
-5
(21 - (80 + -40)) + -96 - -36
-79
What is the value of -13 - (1 - (-15 - -15))?
-14
What is -1 - (-1 + -2 + 28)?
-26
(-13 - (-34 - -13) - 13) + 6 - 2
-1
(-3 - 14) + (-18 - (0 - (38 - 20)))
-17
Calculate (2 - -33) + (3 - 6) - (45 + -32).
19
What is the value of -53 + -1 - (23 + (-9 + -6 - -5) + -12)?
-55
Evaluate -27 + (-27 - -57) + -104 + 23.
-78
Calculate (2 + 17 - 6) + -10 + (44 - 5).
42
What is (8 - (-7 - 3)) + 68 + 2 + 3?
91
Calculate (-1 + 1 - -11) + -7101 + 7080.
-10
What is the value of -63 + 44 + 23 + -6 + 55 + -1?
52
What is the value of 47 + (21 + 1 - (295 - 266))?
40
What is the value of 3 - 2 - -73 - 93?
-19
Evaluate -33 + 6 + (95 - -9 - 104).
-27
(23 - 55) + 27 - 10
-15
What is the value of 12 + (18 - (7 + 20)) + -5 - 104?
-106
Evaluate (-7 + 10 - 12 - (51 - 39)) + 8.
-13
(8 - 9 - -40) + -5 + -14 + 7 + 0
27
What is the value of -27 - (11 + (-20 - -25) + -2)?
-41
14 + (651 + -655 - (-46 - 0))
56
Calculate 0 + 33 + (54 - 18) - (0 - -6).
63
(-3 - 17) + -4 + -58 + (98 - 31) + 60
45
Calculate -715 + 716 + -48 + 0.
-47
What is the value of -7 + 2 + (1 - -43) + (-6 - 1)?
32
Calculate -51 + -14 + (33 - 14 - 6).
-52
Evaluate -32 - -16 - (-13 + 10 + 81 + -13).
-81
What is 20 + -17 - (72 - (3 - (-1 - -2)) - -6)?
-73
46 - (59 + -66) - 36
17
Calculate -41 + 66 + (-41 - 28).
-44
What is the value of -253 + -276 + 614 + 7 + 0?
92
Calculate 11 + 2 + -79 - (104 + -58).
-112
Evaluate (-33 - -15 - -40) + -6.
16
What is (-3 - 4 - 12 - -1) + (-571 - -709)?
120
Calculate -151 + 183 + 2 + -5.
29
What is -45 - (-2 + 1 - -4 - (1038 - 1047))?
-57
What is (0 - -1) + -7 + -3 - (-1381 + 1395)?
-23
What is the value of (-8 - (-25 + 8 - -19)) + 52?
42
What is 59 + (-8 - (-13 - -4)) - (15 + -3 + -3)?
51
What is the value of -105 + 12 + 67 - 12?
-38
What is -5 - 78 - (-24 + 14 + 6 + -3)?
-76
Calculate -38 + -83 + 104 + 6 + 1.
-10
Calculate -14 - (14 + -46 - -28) - -15.
5
Calculate 0 + -8 + (-6 - -5) + (65 - (-10 + 3)).
63
What is (6 - (-17 + 20)) + -1 + 1 + 2?
5
Evaluate -11 + (9 - (-28 - (9 + -19))) - 93.
-77
What is -10 + ((20 - 24) + 26 - (1 - 5))?
16
What is (16 - 1 - (-42 + 47)) + 13 + (1 - 3)?
21
What is 4 + -66 - (693 + -696)?
-59
Evaluate 36 + (39 - 10 - 7 - 11) + -27.
20
Calculate -22 + (-170 - -161) + (-40 - 1).
-72
What is the value of 2 + -19 + 13 + (-102 - 5)?
-111
What is 1 + 7 + (52 - (154 + -94))?
0
36 + (-66 - -18) - (1 + -60)
47
What is the value of -128 - (69 + -102 - 18)?
-77
101 + -45 + (8 - -22)
86
What is -153 - -170 - (37 + 3 - 3) - 12?
-32
Evaluate -37 - ((-22 - -10) + (-4 - 0)).
-21
What is (20 - (-57 - (-2 + -26))) + 20?
69
Evaluate -6 - ((-9 - -1) + (-95 - (0 + 3 + 1))).
101
Calculate 10 + (-31 - -6) + (-11 - -34).
8
Calculate 3 + -56 - (-96 + (-112 - -208)).
-53
Evaluate 2 + 0 + (102 - 8) - (-1 - -20).
77
What is -24 - (-84 - -100 - (15 + (3 - 7)))?
-29
What is -94 + (23 - (-32 - -30)) + -35?
-104
What is the value of (-5292 - -5160) + (105 - 1)?
-28
Calculate (0 - ((-9 - -1) + -2 + 6)) + (-9 - 47).
-52
11 + (-6 - ((-3 - -6) + -3 - 64)) + -10
59
Calculate 6 - (-13 - (21 + -17)) - (26 - 47).
44
Calculate (-18 + (15 - -8) - (1 + -16)) + -80.
-60
Evaluate (25 - 39) + -1 - -38 - 14.
9
Calculate (18 - (13 + -10)) + -5 + (4 - -31 - 6).
39
Evaluate 24 - (23 + (-45 - -30) + 1).
15
Evaluate 10 - (7 + -2 - (4 - (-19 + 0))).
28
What is -8 - (6 - 5 - 5 - (145 + -113))?
28
Calculate 18 + -14 + 8 + -9 - 2.
1
Evaluate (20 - 45) + -15 + 26.
-14
What is 17 + -9 + 9 - (1